10022 is divided by 110.
12
Calculate the remainder when 1039 is divided by 446.
147
Calculate the remainder when 371548 is divided by 371494.
54
What is the remainder when 50056 is divided by 25?
6
What is the remainder when 1330181 is divided by 143?
138
Calculate the remainder when 3593 is divided by 3569.
24
Calculate the remainder when 111228 is divided by 44.
40
Calculate the remainder when 1154 is divided by 251.
150
Calculate the remainder when 8715 is divided by 231.
168
Calculate the remainder when 28636 is divided by 1431.
16
What is the remainder when 30700 is divided by 37?
27
Calculate the remainder when 125812 is divided by 577.
26
Calculate the remainder when 9654 is divided by 71.
69
Calculate the remainder when 9678 is divided by 4793.
92
What is the remainder when 16639 is divided by 24?
7
What is the remainder when 133719 is divided by 22286?
3
What is the remainder when 47165 is divided by 11776?
61
What is the remainder when 4291 is divided by 253?
243
Calculate the remainder when 2309 is divided by 311.
132
Calculate the remainder when 15111 is divided by 15100.
11
What is the remainder when 9595 is divided by 3149?
148
Calculate the remainder when 1131 is divided by 21.
18
What is the remainder when 4700 is divided by 4699?
1
What is the remainder when 198153 is divided by 209?
21
What is the remainder when 6436 is divided by 2335?
1766
Calculate the remainder when 170107 is divided by 41.
39
What is the remainder when 430 is divided by 84?
10
Calculate the remainder when 22365 is divided by 1491.
0
Calculate the remainder when 1451 is divided by 376.
323
What is the remainder when 114502 is divided by 13?
11
Calculate the remainder when 275370 is divided by 47.
44
What is the remainder when 13689 is divided by 10?
9
Calculate the remainder when 609 is divided by 16.
1
What is the remainder when 206716 is divided by 170?
166
What is the remainder when 55160 is divided by 6126?
26
What is the remainder when 500 is divided by 190?
120
Calculate the remainder when 827637 is divided by 173.
5
Calculate the remainder when 913146 is divided by 723.
720
Calculate the remainder when 48937 is divided by 1020.
997
Calculate the remainder when 495443 is divided by 3303.
3296
Calculate the remainder when 6208 is divided by 444.
436
Calculate the remainder when 20430 is divided by 35.
25
Calculate the remainder when 360922 is divided by 153.
148
What is the remainder when 438301 is divided by 4?
1
Calculate the remainder when 57755 is divided by 380.
375
Calculate the remainder when 328837 is divided by 7.
5
Calculate the remainder when 623794 is divided by 54.
40
What is the remainder when 27704 is divided by 52?
40
Calculate the remainder when 103588 is divided by 25891.
24
Calculate the remainder when 16434 is divided by 240.
114
Calculate the remainder when 33856 is divided by 124.
4
What is the remainder when 14590 is divided by 1618?
28
Calculate the remainder when 50743 is divided by 15.
13
What is the remainder when 33800 is divided by 237?
146
What is the remainder when 21537 is divided by 2663?
233
Calculate the remainder when 3305789 is divided by 414.
413
What is the remainder when 7672 is divided by 1707?
844
Calculate the remainder when 736290 is divided by 35.
30
What is the remainder when 11488 is divided by 1635?
43
Calculate the remainder when 1424 is divided by 89.
0
Calculate the remainder when 8325 is divided by 70.
65
Calculate the remainder when 81477 is divided by 37.
3
What is the remainder when 1327245 is divided by 40?
5
What is the remainder when 762719 is divided by 27?
23
Calculate the remainder when 5406 is divided by 201.
180
Calculate the remainder when 1792 is divided by 282.
100
Calculate the remainder when 63958 is divided by 4568.
6
Calculate the remainder when 50730 is divided by 338.
30
Calculate the remainder when 8544 is divided by 3928.
688
Calculate the remainder when 200792 is divided by 603.
596
Calculate the remainder when 2460 is divided by 50.
10
What is the remainder when 355109 is divided by 211?
207
What is the remainder when 1804 is divided by 546?
166
Calculate the remainder when 10805 is divided by 181.
126
What is the remainder when 322558 is divided by 14?
12
What is the remainder when 1470 is divided by 333?
138
What is the remainder when 58474 is divided by 21?
10
What is the remainder when 425164 is divided by 1236?
1216
What is the remainder when 561178 is divided by 282?
280
Calculate the remainder when 1000 is divided by 13.
12
Calculate the remainder when 7380 is divided by 107.
104
What is the remainder when 27937 is divided by 157?
148
Calculate the remainder when 293143 is divided by 15.
13
What is the remainder when 7782 is divided by 13?
8
Calculate the remainder when 2753 is divided by 83.
14
Calculate the remainder when 56109 is divided by 209.
97
What is the remainder when 14508 is divided by 7003?
502
Calculate the remainder when 169018 is divided by 124.
6
Calculate the remainder when 422097 is divided by 60.
57
Calculate the remainder when 3515 is divided by 183.
38
What is the remainder when 332717 is divided by 10082?
11
Calculate the remainder when 36695 is divided by 138.
125
What is the remainder when 3315 is divided by 303?
285
What is the remainder when 5717 is divided by 13?
10
Calculate the remainder when 254892 is divided by 879.
861
Calculate the remainder when 2440 is divided by 548.
248
Calculate the remainder when 878471 is divided by 54.
53
Calculate the remainder when 565 is divided by 116.
101
What is the remainder when 77504 is divided by 1800?
104
What is the remainder when 5921 is divided by 54?
35
Calculate the remainder when 7059 is divided by 42.
3
What is the remainder when 5744987 is divided by 53?
52
Calculate the remainder when 11755 is divided by 301.
16
Calculate the remainder when 10653 is divided by 56.
13
What is the remainder when 99906 is divided by 1162?
1136
What is the remainder when 1434 is divided by 726?
708
What is the remainder when 531956 is divided by 165?
161
What is the remainder when 155736 is divided by 454?
14
What is the remainder when 1517 is divided by 498?
23
What is the remainder when 203153 is divided by 1?
0
What is the remainder when 149295 is divided by 65?
55
What is the remainder when 10832 is divided by 403?
354
What is the remainder when 125561 is divided by 55?
51
Calculate the remainder when 619 is divided by 592.
27
Calculate the remainder when 305226 is divided by 308.
306
Calculate the remainder when 1364 is divided by 55.
44
Calculate the remainder when 12274 is divided by 6110.
54
Calculate the remainder when 49877 is divided by 57.
2
Calculate the remainder when 6759 is divided by 1673.
67
Calculate the remainder when 10027 is divided by 1431.
10
Calculate the remainder when 12716 is divided by 12610.
106
What is the remainder when 362246 is divided by 49?
38
What is the remainder when 2099 is divided by 22?
9
What is the remainder when 832 is divided by 614?
218
What is the remainder when 451242 is divided by 136?
130
What is the remainder when 2018 is divided by 249?
26
What is the remainder when 4818 is divided by 286?
242
What is the remainder when 351805 is divided by 1543?
1
Calculate the remainder when 3143 is divided by 416.
231
What is the remainder when 26807 is divided by 16?
7
What is the remainder when 1566 is divided by 89?
53
Calculate the remainder when 13418 is divided by 61.
59
Calculate the remainder when 11635 is divided by 115.
20
What is the remainder when 2049 is divided by 256?
1
What is the remainder when 35681 is divided by 17?
15
Calculate the remainder when 4742 is divided by 1509.
215
What is the remainder when 6110 is divided by 6046?
64
What is the remainder when 188 is divided by 180?
8
Calculate the remainder when 389474 is divided by 417.
413
Calculate the remainder when 2689 is divided by 768.
385
Calculate the remainder when 5254 is divided by 31.
15
What is the remainder when 36486 is divided by 9113?
34
Calculate the remainder when 2496 is divided by 2481.
15
Calculate the remainder when 13846 is divided by 11.
8
What is the remainder when 625 is divided by 41?
10
Calculate the remainder when 116366 is divided by 462.
404
What is the remainder when 